 4*i - 12. What are the prime factors of ((-6)/4)/(i/(-276)*2)?
23
Suppose -z + 3787 = 2*z + 2*m, -4*z - m + 5051 = 0. List the prime factors of z.
3, 421
Let f(m) = -13*m + 1973. What are the prime factors of f(0)?
1973
Let m be (3/(-3))/((-3)/255). Let o = -58 + m. Suppose a - o = 51. What are the prime factors of a?
2, 3, 13
Let f(c) be the third derivative of c**5/60 - c**4/6 - 7*c**3/2 + 6*c**2. Let w be f(10). Let m = -26 + w. List the prime factors of m.
13
Suppose -2*a - 21 = -j, 0 = -0*j - 5*j - 3*a + 66. Suppose u + 3 = j. What are the prime factors of u?
2, 3
Suppose -191 + 1171 = 3*k - 5*a, -3*a = k - 308. What are the prime factors of k?
2, 5
Let o(x) = -6*x + 3. Suppose 0 = -5*p - 10 + 5. What are the prime factors of o(p)?
3
Let h(c) = -2*c**3 - 20*c**2 - 25*c - 2. List the prime factors of h(-11).
5, 103
Let n = 245 - 55. What are the prime factors of n?
2, 5, 19
Let f be 1/(4/516 - 0). Suppose -r - f = -3*l + 2*r, 4*l - r = 163. What are the prime factors of l?
2, 5
Let z(u) = 15*u**2 + 6*u + 4. What are the prime factors of z(4)?
2, 67
Let s = -332 - -721. List the prime factors of s.
389
List the prime factors of 4/(-10) - (-57425)/125.
3, 17
Suppose 934 = 2*a - h, -3*a + 1422 = -h + 23. What are the prime factors of a?
3, 5, 31
Suppose -5*y - c + 11688 = 0, 3*y - 6386 - 626 = -c. List the prime factors of y.
2, 7, 167
Let d be (-70)/14*(-2)/5. Suppose 0 = 3*z - 4*q - 33, 3*z + 2*q = 5 + 10. Suppose -z*o + 4*w = -d*o - 170, 5*w - 34 = -o. List the prime factors of o.
2, 17
Suppose u + 89 = 2*u. Suppose -196 - u = -5*v + i, 2*v + 4*i - 114 = 0. Let m = v - 31. List the prime factors of m.
2, 13
Let u be (-1235)/13*2/2. What are the prime factors of (2 - 28/10)*u?
2, 19
Let z(f) = 55*f - 117. What are the prime factors of z(15)?
2, 3, 59
Let o(k) be the third derivative of -k**4/8 + 6*k**3 + 36*k**2. List the prime factors of o(11).
3
Suppose 6*p + 11 + 13 = 0. List the prime factors of (-602)/(-3)*(-6)/p.
7, 43
Let q(f) = 37*f**2 - f - 10 + 10. Let p be q(-1). Suppose -x - x + p = 0. List the prime factors of x.
19
Let d(w) = -w**2 + 10*w - 22. Let h be d(8). Let r(i) = -i**2 - 17*i - 15. What are the prime factors of r(h)?
3, 17
Suppose -2*p + 396 = -4*l, -l = -p + 247 - 47. List the prime factors of p.
2, 101
Let t be (-2)/(-11) + (-2886)/22. Let g be -2 + 5 - (0 + t). Suppose j - 3*j + g = 0. List the prime factors of j.
67
Suppose -6*x - 10674 = -30162. List the prime factors of x.
2, 7, 29
Let p be 18 + -6 - (3 + 0). Let o = p - 18. What are the prime factors of o/(-15) + (-274)/(-10)?
2, 7
Suppose 3*q + 2*q - 510 = -2*m, 2*m = 3*q - 322. What are the prime factors of q?
2, 13
Let w(h) = -17*h**3 - 3*h**2 - 2*h + 16. What are the prime factors of w(-3)?
2, 227
List the prime factors of (180/16 + -6)/((-3)/(-920)).
2, 5, 7, 23
Let j = 19 + -3. List the prime factors of (j + -1)/((-1)/(-1)).
3, 5
Suppose -74*g + 119210 = 17*g. What are the prime factors of g?
2, 5, 131
Let l = 21 - 32. Let j(k) = -k**2 - 17*k - 9. List the prime factors of j(l).
3, 19
Let i(u) = -u**3 - 36*u**2 - 26*u + 40. List the prime factors of i(-36).
2, 61
List the prime factors of 716 - ((5 - 0/5) + -9).
2, 3, 5
Suppose 0 = -4*g + 15 - 7. Suppose n = -g*y + 173 + 228, -5*y + n + 1013 = 0. List the prime factors of y.
2, 101
Let v(x) = x**3 - 27*x**2 - 14*x - 25. What are the prime factors of v(28)?
367
Let u = 374 - 159. List the prime factors of u.
5, 43
Suppose 86*o - 85*o - 2014 = 0. List the prime factors of o.
2, 19, 53
Suppose -2*l - 1 + 11 = 0. Suppose -l*a + 28 = -a + 4*t, 5*a - 5 = t. Suppose y - 18 = -y + a*r, 0 = -y - r + 11. What are the prime factors of y?
2, 5
Let u(n) = -8*n**3 + 5*n**2 - 17*n - 69. List the prime factors of u(-6).
3, 647
Suppose -8 = -2*g + 2. Suppose -5*a - v = v - 36, g*a + 3*v - 39 = 0. What are the prime factors of a/8 - (-1290)/40?
3, 11
What are the prime factors of (40 + -24)*210/8?
2, 3, 5, 7
Suppose z + 4*w - 37 = w, 121 = 4*z + 3*w. Suppose g + 22 = -2*g + 5*i, -4*i = -5*g - z. What are the prime factors of ((-23)/(-2))/((-2)/g)?
23
Let s(b) = 18*b - 12. Suppose -2*k + k + 5 = 0. What are the prime factors of s(k)?
2, 3, 13
Let i = -20 - -28. Let g be 676/(-8) + (-4)/i. Let r = -45 - g. What are the prime factors of r?
2, 5
Let i(k) = -k + 3. Let l be (-4 - -3)*-5 - 2. Let s be i(l). Suppose 5*b - 40 = -3*f + 89, s = 3*f + 6. What are the prime factors of b?
3
Let c(h) be the first derivative of 28*h**3/3 + h**2 + h - 57. Suppose 11 = 5*z - 3*w - w, -3*z + 5 = -2*w. What are the prime factors of c(z)?
3
Let m = 2002 - 123. What are the prime factors of m?
1879
List the prime factors of (-12)/12 + 7 - -5719.
5, 229
Let q(w) = -39*w. Let v be q(1). Let m = 44 + v. List the prime factors of m.
5
Let n = 26 + -24. Suppose 1 = 2*m - v, m + 2 = -0*m - n*v. Suppose -3*z - 5*s + 141 = -m*s, 2*z = 4*s + 94. What are the prime factors of z?
47
Let d(o) = 9*o + 13. Let y be d(5). Suppose 0 = 2*m - y - 194. Suppose -8*v = -10*v + m. What are the prime factors of v?
3, 7
List the prime factors of ((-5406)/15)/((-32)/160).
2, 17, 53
Suppose -n + 5*p + 977 = -578, -n + 1565 = 5*p. What are the prime factors of n?
2, 3, 5, 13
List the prime factors of 308016/115 + ((-39)/(-15) - 2).
3, 19, 47
Suppose -3*x - 2*l = -9632, -98*x = -93*x - 5*l - 16045. List the prime factors of x.
2, 3, 5, 107
Let c(t) = -286*t - 413. List the prime factors of c(-9).
2161
Let s be (3 - 6) + (-2 - -1) - -16. Let u = s - -9. What are the prime factors of u?
3, 7
Let n(w) = 4*w**2 - 28*w - 8. What are the prime factors of n(-8)?
2, 59
Suppose -4*y = 2*j - 930, 5*j = 4*y + 251 + 2088. What are the prime factors of j?
467
Suppose -213 = -2*b - 45. What are the prime factors of b?
2, 3, 7
Let x be 7/(-2)*(3 - 1). Let c(v) = v**3 + 8*v**2 + 6*v - 4. Let i be c(x). Suppose 0 = i*q - q - 36. What are the prime factors of q?
2, 3
Let g = 10 + -7. Suppose -g*a = -a - 4. Suppose -4*i = 4, -a*i + 21 = 4*w + i. What are the prime factors of w?
2, 3
Suppose 0 = -5*g + 5*h + 1955, -4*h = -4*g - 7*h + 1571. List the prime factors of g.
2, 7
Let p be (9 + -10)/((-1)/2). Suppose -4*j = -w - 113, 5*w - p*w - 154 = -5*j. What are the prime factors of -1 + j + 0 + 0?
2, 7
Let x be 2/(-3)*(-51)/2. Let c = 12 - x. What are the prime factors of (-12)/60 + (-251)/c?
2, 5
Let r be 2 - 0/(3 - 0). Let g be 46/3 - r/(-3). Suppose -9*o + g = -7*o. List the prime factors of o.
2
Let i(p) = -5*p**3 + 2*p**2 - 3*p + 4. Let t be i(3). Let u = t + 249. List the prime factors of u.
127
Suppose -3*v + 2*z = -126 + 3, 2*z = -2*v + 82. Suppose 36*q - v*q - 20 = 0. What are the prime factors of q*(93/(-6) + 3)?
2, 5
Let k(c) = 32*c**2 + c + 1. Let r be k(3). Let q = -175 + r. What are the prime factors of q?
3, 13
Suppose -r + 2 = r. Let v = 3 - r. What are the prime factors of (1/v)/((-3)/(-18))?
3
Suppose -9 = 5*c - 34. Let d = -104 + 184. Suppose 3*p = -5*u + 88, u + c*p + d = 6*u. List the prime factors of u.
17
Let m be ((-1)/((-1)/47))/1. Let i be 951/21 + 12/(-42). Suppose m = 4*n - i. List the prime factors of n.
23
Let j = -106 - -111. Suppose -m + 177 = 2*q, j*m - 276 = q - 4*q. What are the prime factors of q?
3, 29
Suppose -3*m + 2*m - 27 = -5*h, -4*m = -2*h. Suppose 42 = -h*p + 9*p. List the prime factors of p.
2, 7
Let r = 1458 - 1049. List the prime factors of r.
409
Let o = -310 + 2503. List the prime factors of o.
3, 17, 43
Suppose -13*w = a - 15*w - 1130, 6 = -3*w. What are the prime factors of a?
2, 563
Let w(r) = 12*r**3 - 5*r**2 + r - 2. Let v(g) = -g**2 + g - 1. Let z(b) = 3*v(b) - w(b). Let u be z(-2). Let l = u - 66. What are the prime factors of l?
3, 11
Let i(n) = 116*n**2 + 19*n + 35. List the prime factors of i(-2).
461
Suppose 2*l + h - 371 = -3*l, 0 = 5*l + 3*h - 363. Let f = 114 - l. List the prime factors of f.
3, 13
Let b = 555 + -247. Let h = -152 + b. List the prime factors of h.
2, 3, 13
Let z = -6 + 6. List the prime factors of z/(0 + 2) - -62.
2, 31
Let a(l) = 2*l + 1. Let v be a(-2). Let n(y) = y**2 + 4*y. Let o(j) = -j - 1. Let z(h) = n(h) + 5*o(h). List the prime factors of z(v).
7
Let l = 4 + -23. Suppose -x - 2*v = 2*x - 85, -2*v - 70 = -2*x. Let p = x + l. List the prime factors of p.
2, 3
Suppose -5*i + 48 = 248. Let l = i - -72. Sup